+ 0 = 4*y + 4, 3*y + 3*d - 15 = 0. What is the highest common factor of s and y?
2
Suppose -f - z + 7 = -3, -3*f + 46 = -5*z. Let c = 14 - 10. What is the greatest common divisor of f and c?
4
Suppose -c = 4*c - 1100. Calculate the highest common factor of 20 and c.
20
Suppose 0 = 4*n - 28 - 20. Let j = -7 + n. Calculate the highest common divisor of j and 15.
5
Let w be (-78)/91*(-15 + 1). What is the highest common divisor of 8 and w?
4
Let q(y) = -y**3 - 5*y**2 + 5*y - 6. Let i be q(-6). Let r = i + 18. What is the highest common divisor of r and 2?
2
Let l be 12 - 0*4/(-20). What is the highest common factor of l and 24?
12
Let w(d) = 5*d - 1. Let f be w(-1). Let s be (20/f)/((-2)/12). Let t(p) = 2*p + 4. Let o be t(3). Calculate the greatest common divisor of o and s.
10
Suppose 0 = p + p + 16. Let d be 1/(-1 + p/(-6)). Calculate the greatest common divisor of d and 12.
3
Suppose 2*h = 4*a + 228, -4*a + 2*a + 486 = 4*h. Suppose 2*v - v + 2*g = -42, -5*g = -5*v - 135. Let z = -17 - v. What is the highest common divisor of z and h?
15
Let y(f) = 5*f**2 + 2*f - 2. Let k be y(2). Calculate the greatest common divisor of k and 154.
22
Suppose u + 4 = 5*u. Let d be 0 + -2 + 1 + 2. What is the highest common factor of u and d?
1
Let r = 175 - 122. Calculate the greatest common factor of r and 318.
53
Suppose p + 4*q - 2 - 3 = 0, -4*p - q + 50 = 0. What is the highest common divisor of p and 52?
13
Let w = 1 + 3. Calculate the greatest common divisor of 28 and w.
4
Suppose -5*c - 16 = -1. Let u be -1 - (1 + 2)/c. Suppose u = 5*l + 2*f - 35, -3*f + 20 = f. Calculate the highest common divisor of 5 and l.
5
Let v = -7 + 8. What is the greatest common factor of 20 and v?
1
Let k(a) = -3*a - a**2 + 3*a - 1 - 7*a - a. Let w be k(-6). Suppose -8 = -2*h, h + 29 = 3*n - 0*h. What is the highest common factor of n and w?
11
Suppose -j = -2*l + 13, 2*j - 4 = -3*l + 2*l. What is the highest common divisor of 66 and l?
6
Suppose 6 + 12 = -3*k. Let a = k + 15. Calculate the highest common factor of a and 1.
1
Suppose 5*g - 4*f = -7, -4*g - 1 = -2*f + 1. Suppose -4*j = 8*m - 3*m - g, -3*j - 4*m = 0. Suppose j*b = 10 + 2. What is the greatest common factor of b and 33?
3
Let n(j) = 2*j**2 - 14*j - 16. Let m be n(11). Let l be (2/(-3))/((-8)/m). Suppose l*t - 252 = 4*t. Calculate the greatest common factor of 14 and t.
14
Let y be (4 + 4 + -4)*2. Let k(r) = -9*r - 4. Let l be k(4). Let b = l - -128. Calculate the highest common factor of y and b.
8
Let y be 5 + -10 + 10 + 3. Calculate the highest common factor of 64 and y.
8
Suppose 4*y - 19 - 5 = 0. Suppose -2*a = 2*a - 216. What is the highest common factor of a and y?
6
Let y = 6 - 4. Suppose h + y = -0, -h + 4 = 2*j. Calculate the highest common divisor of j and 1.
1
Let s(i) = -i**2 + 8*i - 6. Let t be s(7). Suppose -4*l + 2*l = -14. Calculate the greatest common factor of l and t.
1
Suppose 3*h - 24 = -h. Let y be (-1)/1*(87 + 4). Let o = -61 - y. What is the greatest common factor of o and h?
6
Suppose 5*s - 38 - 37 = 0. Let a(j) = -j**2 + 30. Suppose -2*t - 3*t = 0. Let b be a(t). What is the highest common divisor of s and b?
15
Let q(n) = 6 + 1 + 6*n - 3*n - n**2 - 3. Let d be q(3). Let t = 2 - -30. What is the highest common factor of t and d?
4
Suppose x + 4*b - 187 = -28, b = 3*x - 425. Calculate the highest common factor of 11 and x.
11
Suppose 3*g + 96 = 411. What is the greatest common factor of 35 and g?
35
Suppose 0 = -0*i - 3*i + 3. What is the highest common factor of i and 3?
1
Suppose -4*g = g. Suppose -3*z - 2*z + 60 = g. Let s be 144/(4 + (-5)/2). What is the highest common divisor of z and s?
12
Let q(z) = -z**2 + 8*z + 4. Let p be q(7). Let o(i) = i**2 - 9*i - 14. Let m be o(p). Calculate the highest common divisor of 8 and m.
8
Let g be (-65 - -2)/(0 + -1). Let x be (-5 + 4)/(1/(-9)). What is the highest common divisor of g and x?
9
Suppose -5*w = -q - 67, -4*w + 0*q + 2*q = -50. What is the highest common divisor of w and 14?
14
Let v be 3 - 0*(-3)/9. Let a be (v/(-4))/(2/(-64)). Let h(u) = -u**3 + u + 8. Let k be h(0). Calculate the highest common factor of k and a.
8
Let v(z) = 20*z - 10 + 2 - 22*z. Let p be v(-10). Calculate the greatest common divisor of 48 and p.
12
Suppose 5*x + 10 - 65 = 0. Calculate the highest common divisor of 77 and x.
11
Let o(w) = 8*w. Let k be o(2). Let v(s) = 2*s**2 + 2*s - 9. Let x be v(-4). Let f be x/(-20) - 393/(-12). What is the greatest common factor of k and f?
16
Suppose -1 = -z, 3 = -2*d + 3*d + 4*z. Let s(p) = -3*p - 1. Let j be s(d). Suppose -j*m = -16 - 6. Calculate the greatest common factor of 55 and m.
11
Let n(r) = 7*r + 7. Let t be 1*(5 + 0 + -2). Suppose t*b = -5*q + 5, -q = -5*b + 4*q + 35. Let o be n(b). Calculate the highest common factor of o and 6.
6
Suppose -5*o + 1 = -19. Let f = 14 + 2. What is the greatest common divisor of o and f?
4
Let c(y) = -y**3 + 14*y**2 + y - 2. Let b be c(14). What is the greatest common divisor of b and 132?
12
Suppose -2*z - 74 = -3*t - 3*z, -z + 5 = 0. Calculate the highest common divisor of t and 69.
23
Suppose -4*i + 14 = -22. Suppose 3*m + 2*a = -3*a + 52, -m = -a - 4. Calculate the highest common divisor of m and i.
9
Let a(p) = -8*p - 4. Let w be a(-5). Let d = 8 + -8. Suppose c - 6 - 3 = d. Calculate the highest common factor of c and w.
9
Suppose 9 + 4 = 2*m + k, -2*m = 2*k - 16. What is the greatest common divisor of 55 and m?
5
Let h = -12 - -22. Let t be (-1)/(-5) - 12/h. Let a be 13/((-2)/2*t). What is the greatest common divisor of 39 and a?
13
Let c be 0 - (2 + 0) - -3. Let a be -1 + c/(-2)*-172. Calculate the highest common divisor of a and 34.
17
Suppose -7 = -2*i - 1. Suppose -4*t = g - i*t - 19, -5*t + 39 = g. Let n be (2*2*-1)/(22/(-847)). What is the greatest common factor of n and g?
14
Suppose 4*z - 32 = -4*c, 2*z - c = c + 16. Let s = 2 + -2. Let p = s + 8. Calculate the highest common divisor of p and z.
8
Let w = -53 + 59. What is the highest common factor of w and 3?
3
Let t(q) = q**3 - 8*q + 5. Let u be t(3). What is the greatest common divisor of u and 8?
8
Let z(v) = -v**2 + 7*v - 2. Let f be z(5). Let t(i) = i**2 - 4*i + 27. Let u be t(5). What is the greatest common divisor of u and f?
8
Suppose 3*o = 4*o - 2. Suppose 7 = -o*v + 71. Calculate the greatest common factor of v and 8.
8
Suppose -48*a + 30 = -46*a. Let c(d) = -2*d - 4. Let k be c(-5). Calculate the highest common factor of a and k.
3
Let i(f) = -2*f + 4*f**3 - 5 - 5*f**3 + 4*f - 4*f**2. Let k be i(-6). Calculate the greatest common factor of 22 and k.
11
Suppose 3*m + 487 = -2*q + 3*q, 2*m = 2*q - 326. Let d be 200/(-6)*m/45. Calculate the greatest common factor of 15 and d.
15
Let i(j) = j**2 - 7*j + 14. Let y be i(6). What is the greatest common divisor of 2 and y?
2
Suppose 8 + 0 = 4*y. Let f be 8/(-3)*6/(-4). Calculate the highest common divisor of y and f.
2
Let c be -8*(1 + 51/(-12)). Let s = -8 + c. What is the highest common factor of 144 and s?
18
Suppose 0 = j - 5*w - 120, -3*w - w = -2*j + 228. Calculate the greatest common factor of j and 11.
11
Suppose 0 = 8*n - 3*n - 70. Calculate the greatest common factor of 126 and n.
14
Suppose 0 = -2*n + 24 + 40. Let s(h) = h**2 - 21*h + 28. Let d be s(20). Calculate the greatest common divisor of n and d.
8
Suppose g + g - 4 = 0. Suppose f + g = 1. Let z be (-1 - 14)*(f + 0). Calculate the highest common factor of 135 and z.
15
Let l(g) = -g**3 + 10*g**2 + 11*g. Let d be (-6)/4*(-80)/12. Let a be l(d). Calculate the greatest common divisor of a and 10.
10
Suppose 4*b - 1 = 7. Suppose 3*h + 47 = 4*l - b*h, l = 2*h + 14. What is the greatest common factor of l and 56?
8
Let i be (2/4)/(8/48). Suppose 7 = i*o - 14. What is the greatest common divisor of 56 and o?
7
Let z(n) = -n - 3*n - 1 + n**2 + 3 - 4*n. Let j be z(8). Calculate the highest common divisor of 4 and j.
2
Suppose 4*w - 3*j - 721 = -0*j, 3*j = 15. Let o(c) = -5*c - 2. Let z be o(-5). What is the highest common factor of w and z?
23
Let p(j) be the third derivative of 1/6*j**3 + 1/2*j**4 + 0 + j**2 + 0*j. Let k be p(1). What is the greatest common divisor of k and 91?
13
Let s = 10 + -24. Let y(b) = -b**2 + 7*b + 1. Let w be y(6). Let h be (18/w)/((-2)/s). Calculate the greatest common di